 + 1270/q prime?
False
Suppose -24 = 5*x + 1. Let h(i) = -i**3 - 5*i**2 - 2*i - 6. Let k be h(x). Suppose -4*f + 822 = 3*o - o, 2*f = -k*o + 426. Is f composite?
True
Let l(c) = -c + 2. Let d be l(6). Is d/(-32) + (-4974)/(-16) prime?
True
Is 24454/4*(-7 - -9) composite?
False
Let j = -890 + 629. Let y = 7528 - j. Is y a prime number?
True
Let t = -4 + 18. Suppose 2*l + v - 5 = 0, -5*l + 2*v - 6*v = -t. Is (10/(-4))/(l/(-148)) a composite number?
True
Suppose -4*b + 962 = 4*i - 2946, -b + 2*i = -977. Is b prime?
True
Let y(k) = k**3 + 4*k**2 - k. Let u be y(-4). Let g(j) = -j**2 + 2*j**2 - j**3 + 0 + u - 3*j. Is g(-5) prime?
False
Is -1 - -19234 - (-23 + 17 + 2) a composite number?
False
Let m(i) = -2*i - 5 + 119*i**2 + 16 - 2*i - 8. Is m(2) a composite number?
True
Let c(z) = z**2 - 20*z - 5. Let t be c(15). Is -7*(t/14)/4 composite?
True
Let g(u) = 16*u**2 + 249*u + 15. Is g(28) a composite number?
False
Suppose -1428*i - 2857 = -1429*i. Is i a composite number?
False
Let f(m) = m**3 - 5*m**2 - 7*m - 26. Is f(21) a prime number?
True
Let n = -8065 + 4523. Let w = -2425 - n. Is w a composite number?
False
Let t be -6*(-4 + (-1932)/8). Suppose -2*u + 4*g + t = 575, -5*u = g - 2190. Is u a prime number?
True
Suppose j - 12 = 4*j. Let t be 6/(-8) + (-21)/4. Is (t/j)/((-4)/(-104)) composite?
True
Let r(d) = -10*d - 42. Let b be r(-5). Let x(i) = -2*i**2 + 16*i + 9. Let o(h) = -8*h**2 + 64*h + 36. Let a(n) = -2*o(n) + 9*x(n). Is a(b) prime?
False
Let k(j) = -7188*j + 2. Let u be k(-1). Suppose 0*w = 10*w - u. Is w prime?
True
Suppose 3607 = 5*c + 4*m - 0*m, -2*m - 3589 = -5*c. Is c a composite number?
False
Suppose -77300 + 649380 = 16*r. Is r prime?
False
Suppose 3*j = -c + 13, -c - 3*c + 3*j = -7. Suppose c*l - 44 = -4*b, -4*b = -l + 7 - 1. Let h(g) = 26*g + 14. Is h(l) composite?
True
Let z(i) = -7*i**3 - 8*i**2 - 4*i + 4. Let h(x) = -6*x**3 - 9*x**2 - 5*x + 3. Suppose w + 0*w - 5 = 0. Let c(k) = w*h(k) - 4*z(k). Is c(-8) prime?
True
Let w be (1/(-1))/(4/864). Let a = -97 - w. Is a a prime number?
False
Let v(h) = 58*h + 11. Let q(a) = 59*a + 10. Let l(n) = -7*q(n) + 6*v(n). Suppose 5*i + 4 = -11. Is l(i) composite?
False
Let w = 122 + -117. Suppose -w*b + 1954 = k, -2*b - 2*k + 413 + 367 = 0. Is b a composite number?
True
Let r(f) = 79*f**2 + 5*f - 5. Let m(i) = i**3 - 2*i**2 + i + 1. Let x be m(2). Is r(x) prime?
False
Is (-791511)/(-35)*25/15 a prime number?
True
Suppose 57*v - 50383 = 1202. Is v a prime number?
False
Is (-3)/((-6)/13090) - (-19 + 17) a prime number?
True
Let r(z) = 2*z**2 + 10*z - 11. Suppose -9*t - 80 = -4*t. Is r(t) a composite number?
True
Let t(m) = 27*m**2 + 18*m + 5. Let u be ((-16)/(-40))/((-182)/60 + 3). Is t(u) composite?
False
Suppose -y + 20380 = -4*u, 2*y + 2*y = 4*u + 20368. Is 10/(-8) - u/32 a composite number?
True
Suppose k - 2*w = 2461, 4*w - 1 = -5. Is k prime?
True
Let w(m) = 2024*m + 1245. Is w(33) prime?
False
Let m = 185529 - 93298. Is m a composite number?
True
Let c = -6315 + -3617. Let d = c - -14185. Suppose 3*u + 2*u - d = 4*h, h - 1696 = -2*u. Is u a composite number?
True
Let k(r) = 100*r + 14. Let q(b) = 101*b + 13. Let f(z) = 4*k(z) - 5*q(z). Is f(-8) a prime number?
False
Suppose 4*u = -2*i + 26, u - i - 12 = -2*u. Suppose -4*p + p + l = -1736, -5*p = u*l - 2900. Is p composite?
True
Let s(r) = r**2 - r. Let n be s(0). Let u = 2 + n. Is u/(-12) - 638/(-12) prime?
True
Suppose -1293 = 2*h - 223. Let l = -312 - h. Is l a composite number?
False
Let j(r) = -r**2 + 7*r - 6. Let a be j(6). Suppose -6 = u + c + 4*c, -2*u - 4*c = 30. Let k = a - u. Is k prime?
False
Is ((5 - -1) + 12864 + 1)*1 composite?
True
Suppose -5*y = 5*r - 37355, 0*r = -4*y + 5*r + 29857. Suppose 5*b = 4237 + y. Suppose -3*w + b = 4*a, 0*a + 1746 = 3*a - w. Is a composite?
True
Let n be (2/(-5))/((-11)/55). Suppose -2*p + 185 = d, 0*p - 6 = n*p. Is d a composite number?
False
Let v(q) = -q**3 - 5*q**2 + 6*q + 4. Let t be v(-6). Suppose -3*m - t*h = h - 15292, 5*h = -m + 5114. Is m composite?
True
Suppose -3*u - 4*a = 3, 3 + 5 = -4*u - 4*a. Let o = -301 + 308. Let k = u + o. Is k prime?
True
Suppose 4*l = -6*o + 4*o + 30878, o = -l + 15440. Is o composite?
True
Let l = 3355 - -6376. Is l a prime number?
False
Let a = 40996 + -23070. Is a composite?
True
Suppose 2*b = -23 + 7. Let r(s) = -s**3 - 9*s**2 - 8*s + 7. Let w be r(b). Is -2*(4298/(-4))/w composite?
False
Let h(i) = 7*i**2 - 19*i - 13. Let r be h(-14). Let x = -916 + r. Is x composite?
False
Suppose -15291 = -3*l - 4659. Let k = l - 782. Is k a prime number?
False
Suppose x = -5*h + 2846, 3*h + 2*x = 4*h - 578. Let r = -161 + h. Is r prime?
True
Let k(a) = a + 9. Let n be k(-3). Is 3786/(-4)*n/(-9) composite?
False
Suppose -105*p + 113*p - 37096 = 0. Is p a prime number?
True
Let f(r) = -147*r**3 + r**2 + 6*r - 24. Is f(-5) composite?
True
Suppose 4*d - 1 = -329. Suppose -4*w - w + 185 = 0. Let z = w - d. Is z a composite number?
True
Suppose 2*d + 20 = 7*d. Suppose -7 = -d*n + 13. Suppose -n*y + 3341 = -1094. Is y a composite number?
False
Let u(b) = b**3 - b**2 + 4*b + 257. Let g(k) = k**3 - k**2 + 5*k + 258. Let q(s) = -4*g(s) + 5*u(s). Is q(0) composite?
True
Let m = -22 - -18. Let d(s) = 67*s**2 + 2*s - 3. Is d(m) a composite number?
False
Suppose -3*g - t + 16504 = -2*t, 0 = -2*g + 3*t + 11005. Is g prime?
True
Suppose 59381 = -64*n + 71*n. Is n a prime number?
False
Let i(w) = -w**3 + 4*w**2 - 4*w + 1. Let c be i(3). Let j be 108/10*(-5)/c. Suppose 3*m - 120 = -j. Is m a composite number?
False
Let k be 48/(-15) + 6 + 1/5. Let s(b) = 82*b**3 - 7*b**2 + 2. Is s(k) a composite number?
False
Let z(l) = l**2 - 7*l - 5. Let h be z(8). Suppose 1050 + 594 = h*w. Let q = -211 + w. Is q a composite number?
False
Is 3962/(4 + -2) + -2 a composite number?
False
Is (-96166)/(-42) - (-8)/(-3) composite?
False
Let t(u) = 1077*u**2 - 37*u - 193. Is t(-5) composite?
True
Let g(u) = -596*u + 3. Let b be g(-6). Suppose 2*m - 2*v = v + 1793, -4*m = v - b. Is m a composite number?
True
Is (5 + -11)/(-6) + 194*65 a composite number?
False
Suppose 0 = -0*n + 4*n - 2*h - 136122, -3*n + 2*h + 102091 = 0. Is n a composite number?
False
Suppose -114 = -5*z + 56. Is (z/(-3))/(2/(-15)) composite?
True
Let q(g) = 2*g**2 + 5*g - 70. Let h be q(-21). Suppose -r - h = -2*r. Is r prime?
False
Let f(n) = 12*n**3 - 2*n**2 - 2*n + 1. Suppose -2*r + 2 = -2. Is f(r) composite?
True
Let b = 50083 + -6014. Is b a composite number?
True
Let a(z) be the third derivative of 0*z + 0 - 7/6*z**3 - z**2 + 49/24*z**4. Is a(2) prime?
False
Let i = 10437 + -850. Is i a composite number?
False
Suppose 8*t - 9 = 343. Suppose 3*f - 205 - t = 0. Is f composite?
False
Let y = -3349 + 5352. Suppose 2*n - y = -273. Is n prime?
False
Let t be ((-6)/(-9))/((-12)/(-126)). Suppose t*l = 12*l - 710. Let p = l - 91. Is p a prime number?
False
Suppose -26 = 5*j - 3*b - 1, 4*j + 3*b + 20 = 0. Is 53/(j/(-2) + -2) a composite number?
True
Let s = 213 + 988. Is s a prime number?
True
Let j(u) = 9*u**2 - 32*u - 311. Is j(-14) composite?
False
Let v(s) = 27*s**2 - 13*s + 29. Is v(12) prime?
True
Let c(g) = -11*g**3 + 9*g - 5. Let i(x) = 2*x + 2. Let k be i(-4). Is c(k) a prime number?
False
Suppose 757 = x - 1372. Is x a prime number?
True
Suppose 5 = -5*a, 13*x + 29612 = 18*x + 3*a. Is x a composite number?
False
Suppose 5915 = 3*x - 5986. Is x prime?
True
Suppose -5*d - 3*y = -5996, 5*d - 3*d = 5*y + 2417. Is d a composite number?
False
Suppose 0 = -27*k + 22*k + 7705. Is k a prime number?
False
Let b be ((-1)/3*3)/2*-20. Suppose b*p - 5*p = 4265. Is p composite?
False
Suppose -2*l = 3*i - 3111, 10*i + 5*l = 8*i + 2063. Is i prime?
True
Let r = 17255 - 9844. Is r a prime number?
True
Suppose -22*z = 63257 - 208435. Is z prime?
True
Let v(f) = -f**3 + f**2 + f + 3. Let b be v(0). Suppose b*k = 689 + 448. Is k composite?
False
Let h(x) = 603*x + 104. Is h(9) a composite number?
False
Let o be 1 - (-3 + 2)/(-1). Suppose o = -3*t - c - 117 + 368, 5*t + 3*c = 425. Is t a composite number?
True
Let j = -2098 + 7697. Is j composite?
True
Let o = 20525 + -11708. Is o composite?
True
Suppose 3*j = 5*k - 0*j + 1085, -5*k = j + 1105. Is (3 - k) + -10 + 10 prime?
True
Let u = -104 - -106. Suppose -u*x = -3155 - 159. Is x a prime number